e 48 = -h*i + 4*i. What are the prime factors of i?
2, 3
Suppose -1300 = -5*k - 5*d - 15, 15 = -3*d. What are the prime factors of k?
2, 131
Suppose 0 = 5*h + 374 - 1054. What are the prime factors of h?
2, 17
Let a(b) = 6*b**3 - 160*b**2 - 46*b + 18. List the prime factors of a(27).
2, 3, 13
List the prime factors of ((-18)/(-3) + -4 - -3043) + -7.
2, 7, 31
Suppose -2*i + 148 = 2*m - 6*i, -i + 323 = 4*m. What are the prime factors of m?
2, 5
Let q(w) be the second derivative of 2/3*w**3 + 0*w**2 + 6*w + 0. What are the prime factors of q(8)?
2
Suppose 2*b = 4*b - 590. Let y = b - 186. What are the prime factors of y?
109
Let q(g) be the third derivative of g**4/6 - 4*g**3/3 - 9*g**2. List the prime factors of q(10).
2
Let y(j) = -146*j + 245. What are the prime factors of y(-24)?
23, 163
Suppose -m = -3*y + 2*y + 4, 2*y - 5*m = 11. Suppose y*j + 19 + 32 = 0. Let w = -6 - j. What are the prime factors of w?
11
Let t = -2708 + 3916. What are the prime factors of t?
2, 151
Let t(g) = -g + 19. Let o(j) = j - 28. Let w(p) = 5*o(p) + 7*t(p). Let d be w(-6). Suppose 0 = d*s - 40 + 10. List the prime factors of s.
2, 3
Suppose 0 = 7*k - 615 - 78. Suppose -3*q + k = m, 7 = -q + 4*m + 53. What are the prime factors of q?
2, 17
Suppose 2*h - 72 = -4*h. Let a = h - -155. List the prime factors of a.
167
Let q(d) = d**3 - 2*d**2 + 3*d - 4. Let u be q(2). Suppose 4*c - 112 = -u*s - 3*s, 4*c + 104 = 4*s. Suppose s = -5*n + 8*n. What are the prime factors of n?
2
Let z = 10 - 6. Suppose 0*r = -5*i - z*r + 267, -3*r + 264 = 5*i. List the prime factors of i.
3, 17
Let t(h) be the first derivative of -h**2 + 4*h - 13. What are the prime factors of t(-6)?
2
What are the prime factors of (-6)/12*(0 + 10) + 222?
7, 31
Let x(d) = 12*d + 12. Let u = 114 + -102. List the prime factors of x(u).
2, 3, 13
Let f(u) = u - 4. Let g be f(8). Suppose g*i = y + 18, 3*i - 18 = 2*y + i. Let z = y - -10. List the prime factors of z.
2
Let o = 40 - 45. Let f(i) = i**3 + 7*i**2 + 5*i - 6. List the prime factors of f(o).
19
Let i(k) be the first derivative of 17*k**3/3 - k**2/2 - 139. Let g = 1 - 2. List the prime factors of i(g).
2, 3
Let z(i) = 2*i**2 - 45*i - 41. What are the prime factors of z(38)?
3, 379
Let w = -6349 - -10786. List the prime factors of w.
3, 17, 29
Let m be ((-28)/(-3))/(6*(-2)/(-18)). Suppose -m*k = -6*k - 1024. List the prime factors of k.
2
Suppose 0 = 18*r - 19*r - 2*h + 3493, 2 = -2*h. What are the prime factors of r?
3, 5, 233
Suppose -4*m = -4*h + 17436, -2*m = 4*h + 2*m - 17452. What are the prime factors of h?
7, 89
List the prime factors of (-5)/(-70)*8 + (-8826)/(-14).
631
Suppose -2*o + 1 = -7. Let v(d) = 3*d**3 - d**2 + 4*d + 2. Let k be v(o). Suppose 5*s + n = k, 220 = 4*s + n + 65. What are the prime factors of s?
3, 13
List the prime factors of ((0 + 2)*7)/((-49)/(-2989)).
2, 7, 61
Suppose 9181 + 2573 = 6*k. List the prime factors of k.
3, 653
Let r be ((-54)/63)/(-2 - 13/(-7)). List the prime factors of r/(-24) - 399/(-12).
3, 11
Suppose 4*a - 58 = 1298. What are the prime factors of a?
3, 113
Let r be 12/8*(-322)/(-3). Suppose -3*v + r = -73. What are the prime factors of v?
2, 3, 13
Let g(u) = -u**2 + 7*u - 6. Let o be g(6). Suppose -l + 6*l = 25, 2*l = -5*j + 320. Suppose k - 3*z - 39 = o, 0*k + 2*k = -2*z + j. List the prime factors of k.
3, 11
Let c(x) = -x + 12. Let v be c(-12). Let f = v - -47. What are the prime factors of f?
71
Suppose -7*x + 46720 = 13*x. List the prime factors of x.
2, 73
Suppose -4*c - 4*v = v - 8, -2 = -c + v. Suppose -2*k + c*h = -4, k = -2*k - 4*h + 34. Suppose -k*s = -4*s - 44. What are the prime factors of s?
2, 11
Let q(v) = -v**3 - 3*v**2 - v. Let c be q(-3). Suppose -c*a + 32 = -166. List the prime factors of a.
2, 3, 11
Suppose 3*c + 2876 = 7880. What are the prime factors of c?
2, 3, 139
Let a be 0 - (-7)/(28/8). Suppose a*t - 16 = 74. List the prime factors of t.
3, 5
Suppose 0*b + 4*m + 10 = -b, m - 5 = -4*b. List the prime factors of (12/(-7))/((-1876)/931 + b).
2, 3, 19
Let n be (-2)/7*35/(-10). Let y be (n + (-7)/3)*-195. List the prime factors of y/16 - (-1)/(-4).
2
List the prime factors of (-55)/(-2)*(118 + (-5 - -13)).
3, 5, 7, 11
Suppose 7*i = 2471 + 7161. What are the prime factors of i?
2, 43
Suppose 7*m - 12*m = -1875. What are the prime factors of m?
3, 5
What are the prime factors of (-111 - -51)*(-146)/6?
2, 5, 73
Let k = 110 + -100. List the prime factors of 1 - ((-1102)/k - (-11)/55).
3, 37
Let n(r) = 8*r**2 + 43*r + 3. What are the prime factors of n(-22)?
29, 101
Suppose 0 = 27*w - 7015 - 1760. List the prime factors of w.
5, 13
Suppose 5*x = -5*h + 420, -2*h + 6*h = -x + 96. What are the prime factors of x?
2, 5
Let m(w) = 348*w**2 + 10*w + 9. List the prime factors of m(-1).
347
List the prime factors of 393890/190 - (-6)/(-57).
3, 691
Let v be 4/3*(-5 - 67). Let j = -38 - v. What are the prime factors of j?
2, 29
Let b(k) = k**2 + k. Let l be b(0). Suppose l = i + 5*p - 33 - 84, p = 5. What are the prime factors of i?
2, 23
Let u(c) = -12*c**3 + c**2 - 3*c + 2. Let x be u(1). What are the prime factors of ((-580)/(-6))/((-8)/x)?
5, 29
Suppose -3*t - t = 4*y - 14540, 4*t - 5*y - 14558 = 0. List the prime factors of t.
3637
Suppose 15 = 5*j - 0, 3*j + 177 = 2*d. Let z = 174 - d. What are the prime factors of z?
3
Let q(g) = -g**3 + 18*g**2 + 5*g - 87. What are the prime factors of q(13)?
823
Let b(x) = x**3 + 49*x**2 + 149*x + 6. What are the prime factors of b(-44)?
2, 5, 313
Let a = -18 + 21. Suppose 4*f - 4*r = 4, -3*r + 3 = a*f + 2*r. Suppose -3*l + 4*u + f = -94, -5*u - 75 = -2*l. What are the prime factors of l?
5
What are the prime factors of (-4764)/8*8/(-12)?
397
What are the prime factors of 292/(5 + -3)*(-7 + 8)?
2, 73
Let y = -753 - -525. Let i = y - -380. List the prime factors of i.
2, 19
Suppose 92 = 3*x + 1292. Let m = -214 - x. What are the prime factors of m?
2, 3, 31
Suppose 1836 = 4*h + 4*s, 5*h - 5*s = -0*s + 2285. List the prime factors of h.
2, 229
Suppose -3*j - 89 = 2*j + i, -2*j - 5*i = 54. Let u = 25 + j. Suppose 0 = 13*x - u*x - 260. What are the prime factors of x?
2, 13
Suppose -2*f - 16 = -22. Suppose -4*q + 7 = 5*b, 0 = -2*q - 3*b + f. Suppose 34 = 2*i + 3*x - x, q*x - 87 = -5*i. What are the prime factors of i?
2, 3
Let v be (-2)/9 - (-2 - (-148)/(-18)). Suppose -v*h = -693 - 1347. List the prime factors of h.
2, 3, 17
Let r = -31 + 21. Let j = -5 - r. Suppose -w - 125 = -j*i - 6*w, -4*w = i - 22. What are the prime factors of i?
2, 13
Let k(b) be the second derivative of 29*b**3/6 + 13*b**2 - 29*b. List the prime factors of k(6).
2, 5
Suppose -5*z + k - 7 = 0, z - 2*k - 3*k = 13. List the prime factors of -2*(-2 - (3 + z)).
2, 3
Suppose -13384 = -10*j - 4*j. What are the prime factors of j?
2, 239
List the prime factors of (-3)/(-2) + (-29029)/(-26) + -13.
5, 13, 17
Suppose 30*y = 28*y + 838. Suppose -5*h = 2*f - 134 - 39, -5*f + y = -h. What are the prime factors of f?
2, 3, 7
Let b(z) = z - 19. Let f be b(0). Let r = 25 - 60. Let h = f - r. List the prime factors of h.
2
Let a(c) = 9*c**2 - 24*c - 53. What are the prime factors of a(10)?
607
Let l = -23 + 27. Suppose -i - l*r = -8*r - 18, 3*i - r = 10. Suppose 0 = -b + i*g - 5*g + 33, 4*b - g = 145. What are the prime factors of b?
2, 3
Let r = 58 + -38. Suppose -d + r - 4 = 0. What are the prime factors of (d/(4/2))/1?
2
Let v be ((-1)/(-2))/((-2)/(-8)). Suppose -10 = r - q - q, -50 = 2*r + v*q. Let m = -13 - r. What are the prime factors of m?
7
Let x = -17 + 8. Let u be (-1)/(1*3/x). Suppose -42 - u = -5*g. List the prime factors of g.
3
Let c(j) = 2*j**2 - j + 2. Let h = 117 - 67. Let f be h/18 - (-12)/54. List the prime factors of c(f).
17
Let f be (-2 + (1 - 2) - 0) + -29. Let w = f - -73. What are the prime factors of w?
41
Let a(j) = -3*j**3 - 4*j**2 - j + 5. Let f(s) = 3*s**3 + 5*s**2 + 2*s - 6. Let l(r) = 6*a(r) + 5*f(r). What are the prime factors of l(-2)?
2, 5
Let k(q) = 6*q**2 + 18*q + 16. Let i be 3*2*(-4 + (-40)/(-15)). List the prime factors of k(i).
2
Let g(s) = s**3 + 2*s + 48. Suppose 3*h - 2*n - 16 = 0, -3*n + 10 = 2*h + 2*h. Suppose -h*f = -8*f. What are the prime factors of g(f)?
2, 3
Let f = 13 - 1. Suppose -59 = 11*t - f*t. Suppose -q = s - t, 76 = 5*q + 4*s - 217. Lis